{"id":13,"date":"2026-03-03T00:20:11","date_gmt":"2026-03-03T00:20:11","guid":{"rendered":"https:\/\/caleosorganic.com\/?page_id=13"},"modified":"2026-03-03T15:50:15","modified_gmt":"2026-03-03T20:50:15","slug":"nuestra-miel","status":"publish","type":"page","link":"https:\/\/caleosorganic.com\/index.php\/nuestra-miel\/","title":{"rendered":"Dentro de Caleos"},"content":{"rendered":"\t\t<div data-elementor-type=\"wp-page\" data-elementor-id=\"13\" class=\"elementor elementor-13\" data-elementor-post-type=\"page\">\n\t\t\t\t<div class=\"elementor-element elementor-element-c2d7479 e-flex e-con-boxed e-con e-parent\" data-id=\"c2d7479\" data-element_type=\"container\" data-e-type=\"container\" data-settings=\"{&quot;background_background&quot;:&quot;classic&quot;}\">\n\t\t\t\t\t<div class=\"e-con-inner\">\n\t\t\t\t<div class=\"elementor-element elementor-element-45a1d47 elementor-widget elementor-widget-heading\" data-id=\"45a1d47\" data-element_type=\"widget\" data-e-type=\"widget\" data-widget_type=\"heading.default\">\n\t\t\t\t\t<h3 class=\"elementor-heading-title elementor-size-default\">Somos un referente en sostenibilidad y estilo de vida consciente.<\/h3>\t\t\t\t<\/div>\n\t\t\t\t<div class=\"elementor-element elementor-element-20c3915 elementor-widget elementor-widget-heading\" data-id=\"20c3915\" data-element_type=\"widget\" data-e-type=\"widget\" data-widget_type=\"heading.default\">\n\t\t\t\t\t<h2 class=\"elementor-heading-title elementor-size-default\">NUESTRA VISION<\/h2>\t\t\t\t<\/div>\n\t\t\t\t<div class=\"elementor-element elementor-element-9c44633 elementor-widget elementor-widget-text-editor\" data-id=\"9c44633\" data-element_type=\"widget\" data-e-type=\"widget\" data-widget_type=\"text-editor.default\">\n\t\t\t\t\t\t\t\t\t<p>En Caleos queremos ser reconocidos a nivel nacional e internacional como una empresa l\u00edder en la producci\u00f3n y transformaci\u00f3n de miel org\u00e1nica y sus derivados, ofreciendo soluciones innovadoras que sostenibilidad el bienestar.<\/p>\t\t\t\t\t\t\t\t<\/div>\n\t\t\t\t\t<\/div>\n\t\t\t\t<\/div>\n\t\t<div class=\"elementor-element elementor-element-47edf18 e-flex e-con-boxed e-con e-parent\" data-id=\"47edf18\" data-element_type=\"container\" data-e-type=\"container\">\n\t\t\t\t\t<div class=\"e-con-inner\">\n\t\t\t\t<div class=\"elementor-element elementor-element-f0f0982 elementor-widget elementor-widget-heading\" data-id=\"f0f0982\" data-element_type=\"widget\" data-e-type=\"widget\" data-widget_type=\"heading.default\">\n\t\t\t\t\t<h1 class=\"elementor-heading-title elementor-size-default\">Nuestros ingredientes<\/h1>\t\t\t\t<\/div>\n\t\t\t\t\t<\/div>\n\t\t\t\t<\/div>\n\t\t<div class=\"elementor-element elementor-element-313e5aa e-flex e-con-boxed e-con e-parent\" data-id=\"313e5aa\" data-element_type=\"container\" data-e-type=\"container\">\n\t\t\t\t\t<div class=\"e-con-inner\">\n\t\t<div class=\"elementor-element elementor-element-55a19bf e-con-full e-flex e-con e-child\" data-id=\"55a19bf\" data-element_type=\"container\" data-e-type=\"container\">\n\t\t\t\t<div class=\"elementor-element elementor-element-d7cb62f elementor-widget elementor-widget-image\" data-id=\"d7cb62f\" data-element_type=\"widget\" data-e-type=\"widget\" data-widget_type=\"image.default\">\n\t\t\t\t\t\t\t\t\t\t\t\t\t\t\t<img decoding=\"async\" width=\"150\" height=\"150\" src=\"https:\/\/caleosorganic.com\/wp-content\/uploads\/2026\/03\/pngtree-dripping-honey-and-jar-on-a-transparent-background-png-image_14576811-150x150.png\" class=\"attachment-thumbnail size-thumbnail wp-image-42\" alt=\"\" srcset=\"https:\/\/caleosorganic.com\/wp-content\/uploads\/2026\/03\/pngtree-dripping-honey-and-jar-on-a-transparent-background-png-image_14576811-150x150.png 150w, https:\/\/caleosorganic.com\/wp-content\/uploads\/2026\/03\/pngtree-dripping-honey-and-jar-on-a-transparent-background-png-image_14576811-300x300.png 300w, https:\/\/caleosorganic.com\/wp-content\/uploads\/2026\/03\/pngtree-dripping-honey-and-jar-on-a-transparent-background-png-image_14576811.png 360w\" sizes=\"(max-width: 150px) 100vw, 150px\" \/>\t\t\t\t\t\t\t\t\t\t\t\t\t\t\t<\/div>\n\t\t\t\t<div class=\"elementor-element elementor-element-3e11833 elementor-widget__width-initial elementor-widget elementor-widget-text-editor\" data-id=\"3e11833\" data-element_type=\"widget\" data-e-type=\"widget\" data-widget_type=\"text-editor.default\">\n\t\t\t\t\t\t\t\t\t<p><strong>Miel<\/strong><\/p>\t\t\t\t\t\t\t\t<\/div>\n\t\t\t\t<\/div>\n\t\t<div class=\"elementor-element elementor-element-eae4f8a e-con-full e-flex e-con e-child\" data-id=\"eae4f8a\" data-element_type=\"container\" data-e-type=\"container\">\n\t\t\t\t<div class=\"elementor-element elementor-element-ae96785 elementor-widget elementor-widget-image\" data-id=\"ae96785\" data-element_type=\"widget\" data-e-type=\"widget\" data-widget_type=\"image.default\">\n\t\t\t\t\t\t\t\t\t\t\t\t\t\t\t<img decoding=\"async\" width=\"150\" height=\"150\" src=\"https:\/\/caleosorganic.com\/wp-content\/uploads\/2026\/03\/pngtree-honey-png-image_12805266-150x150.png\" class=\"attachment-thumbnail size-thumbnail wp-image-45\" alt=\"\" srcset=\"https:\/\/caleosorganic.com\/wp-content\/uploads\/2026\/03\/pngtree-honey-png-image_12805266-150x150.png 150w, https:\/\/caleosorganic.com\/wp-content\/uploads\/2026\/03\/pngtree-honey-png-image_12805266-300x300.png 300w, https:\/\/caleosorganic.com\/wp-content\/uploads\/2026\/03\/pngtree-honey-png-image_12805266.png 360w\" sizes=\"(max-width: 150px) 100vw, 150px\" \/>\t\t\t\t\t\t\t\t\t\t\t\t\t\t\t<\/div>\n\t\t\t\t<div class=\"elementor-element elementor-element-280a7b9 elementor-widget__width-initial elementor-widget elementor-widget-text-editor\" data-id=\"280a7b9\" data-element_type=\"widget\" data-e-type=\"widget\" data-widget_type=\"text-editor.default\">\n\t\t\t\t\t\t\t\t\t<p><strong>Panal<\/strong><\/p>\t\t\t\t\t\t\t\t<\/div>\n\t\t\t\t<\/div>\n\t\t<div class=\"elementor-element elementor-element-ee21653 e-con-full e-flex e-con e-child\" data-id=\"ee21653\" data-element_type=\"container\" data-e-type=\"container\">\n\t\t\t\t<div class=\"elementor-element elementor-element-4467f0a elementor-widget elementor-widget-image\" data-id=\"4467f0a\" data-element_type=\"widget\" data-e-type=\"widget\" data-widget_type=\"image.default\">\n\t\t\t\t\t\t\t\t\t\t\t\t\t\t\t<img decoding=\"async\" width=\"150\" height=\"150\" src=\"https:\/\/caleosorganic.com\/wp-content\/uploads\/2026\/03\/pngtree-bee-pollen-yellow-png-image_9228838-150x150.png\" class=\"attachment-thumbnail size-thumbnail wp-image-40\" alt=\"\" \/>\t\t\t\t\t\t\t\t\t\t\t\t\t\t\t<\/div>\n\t\t\t\t<div class=\"elementor-element elementor-element-c7498fb elementor-widget__width-initial elementor-widget elementor-widget-text-editor\" data-id=\"c7498fb\" data-element_type=\"widget\" data-e-type=\"widget\" data-widget_type=\"text-editor.default\">\n\t\t\t\t\t\t\t\t\t<p><strong>Pollen<\/strong><\/p>\t\t\t\t\t\t\t\t<\/div>\n\t\t\t\t<\/div>\n\t\t\t\t\t<\/div>\n\t\t\t\t<\/div>\n\t\t<div class=\"elementor-element elementor-element-c95798b e-flex e-con-boxed e-con e-parent\" data-id=\"c95798b\" data-element_type=\"container\" data-e-type=\"container\" data-settings=\"{&quot;background_background&quot;:&quot;classic&quot;}\">\n\t\t\t\t\t<div class=\"e-con-inner\">\n\t\t<div class=\"elementor-element elementor-element-ddd29a3 e-con-full e-flex e-con e-child\" data-id=\"ddd29a3\" data-element_type=\"container\" data-e-type=\"container\">\n\t\t\t\t<div class=\"elementor-element elementor-element-e7b7694 elementor-widget elementor-widget-image\" data-id=\"e7b7694\" data-element_type=\"widget\" data-e-type=\"widget\" data-widget_type=\"image.default\">\n\t\t\t\t\t\t\t\t\t\t\t\t\t\t\t<img loading=\"lazy\" decoding=\"async\" width=\"640\" height=\"359\" src=\"https:\/\/caleosorganic.com\/wp-content\/uploads\/2026\/03\/pngtree-large-hive-of-honey-bees-in-the-center-of-a-wooden-image_2886374.jpg\" class=\"attachment-large size-large wp-image-46\" alt=\"\" srcset=\"https:\/\/caleosorganic.com\/wp-content\/uploads\/2026\/03\/pngtree-large-hive-of-honey-bees-in-the-center-of-a-wooden-image_2886374.jpg 640w, https:\/\/caleosorganic.com\/wp-content\/uploads\/2026\/03\/pngtree-large-hive-of-honey-bees-in-the-center-of-a-wooden-image_2886374-300x168.jpg 300w\" sizes=\"(max-width: 640px) 100vw, 640px\" \/>\t\t\t\t\t\t\t\t\t\t\t\t\t\t\t<\/div>\n\t\t\t\t<\/div>\n\t\t<div class=\"elementor-element elementor-element-522a34f e-con-full e-flex e-con e-child\" data-id=\"522a34f\" data-element_type=\"container\" data-e-type=\"container\">\n\t\t\t\t<div class=\"elementor-element elementor-element-e0ac93c elementor-widget elementor-widget-image\" data-id=\"e0ac93c\" data-element_type=\"widget\" data-e-type=\"widget\" data-widget_type=\"image.default\">\n\t\t\t\t\t\t\t\t\t\t\t\t\t\t\t<img loading=\"lazy\" decoding=\"async\" width=\"700\" height=\"392\" src=\"https:\/\/caleosorganic.com\/wp-content\/uploads\/2026\/03\/honey-bee-close-up-of-honeycomb-a-refreshing-burst-natural-with-vitamin-rich-texture_9935881.jpg\" class=\"attachment-large size-large wp-image-47\" alt=\"\" srcset=\"https:\/\/caleosorganic.com\/wp-content\/uploads\/2026\/03\/honey-bee-close-up-of-honeycomb-a-refreshing-burst-natural-with-vitamin-rich-texture_9935881.jpg 700w, https:\/\/caleosorganic.com\/wp-content\/uploads\/2026\/03\/honey-bee-close-up-of-honeycomb-a-refreshing-burst-natural-with-vitamin-rich-texture_9935881-300x168.jpg 300w\" sizes=\"(max-width: 700px) 100vw, 700px\" \/>\t\t\t\t\t\t\t\t\t\t\t\t\t\t\t<\/div>\n\t\t\t\t<\/div>\n\t\t<div class=\"elementor-element elementor-element-309f3d9 e-con-full e-flex e-con e-child\" data-id=\"309f3d9\" data-element_type=\"container\" data-e-type=\"container\">\n\t\t\t\t<div class=\"elementor-element elementor-element-085682b elementor-widget elementor-widget-image\" data-id=\"085682b\" data-element_type=\"widget\" data-e-type=\"widget\" data-widget_type=\"image.default\">\n\t\t\t\t\t\t\t\t\t\t\t\t\t\t\t<img loading=\"lazy\" decoding=\"async\" width=\"800\" height=\"450\" src=\"https:\/\/caleosorganic.com\/wp-content\/uploads\/2026\/03\/desktop-wallpaper-honey-food-hq-honey-2019.jpg\" class=\"attachment-large size-large wp-image-48\" alt=\"\" srcset=\"https:\/\/caleosorganic.com\/wp-content\/uploads\/2026\/03\/desktop-wallpaper-honey-food-hq-honey-2019.jpg 850w, https:\/\/caleosorganic.com\/wp-content\/uploads\/2026\/03\/desktop-wallpaper-honey-food-hq-honey-2019-300x169.jpg 300w, https:\/\/caleosorganic.com\/wp-content\/uploads\/2026\/03\/desktop-wallpaper-honey-food-hq-honey-2019-768x432.jpg 768w\" sizes=\"(max-width: 800px) 100vw, 800px\" \/>\t\t\t\t\t\t\t\t\t\t\t\t\t\t\t<\/div>\n\t\t\t\t<\/div>\n\t\t\t\t\t<\/div>\n\t\t\t\t<\/div>\n\t\t<div class=\"elementor-element elementor-element-86dd225 e-flex e-con-boxed e-con e-parent\" data-id=\"86dd225\" data-element_type=\"container\" data-e-type=\"container\" data-settings=\"{&quot;background_background&quot;:&quot;classic&quot;,&quot;shape_divider_top&quot;:&quot;mountains&quot;}\">\n\t\t\t\t\t<div class=\"e-con-inner\">\n\t\t\t\t<div class=\"elementor-shape elementor-shape-top\" aria-hidden=\"true\" data-negative=\"false\">\n\t\t\t<svg xmlns=\"http:\/\/www.w3.org\/2000\/svg\" viewBox=\"0 0 1000 100\" preserveAspectRatio=\"none\">\n\t<path class=\"elementor-shape-fill\" opacity=\"0.33\" d=\"M473,67.3c-203.9,88.3-263.1-34-320.3,0C66,119.1,0,59.7,0,59.7V0h1000v59.7 c0,0-62.1,26.1-94.9,29.3c-32.8,3.3-62.8-12.3-75.8-22.1C806,49.6,745.3,8.7,694.9,4.7S492.4,59,473,67.3z\"\/>\n\t<path class=\"elementor-shape-fill\" opacity=\"0.66\" d=\"M734,67.3c-45.5,0-77.2-23.2-129.1-39.1c-28.6-8.7-150.3-10.1-254,39.1 s-91.7-34.4-149.2,0C115.7,118.3,0,39.8,0,39.8V0h1000v36.5c0,0-28.2-18.5-92.1-18.5C810.2,18.1,775.7,67.3,734,67.3z\"\/>\n\t<path class=\"elementor-shape-fill\" d=\"M766.1,28.9c-200-57.5-266,65.5-395.1,19.5C242,1.8,242,5.4,184.8,20.6C128,35.8,132.3,44.9,89.9,52.5C28.6,63.7,0,0,0,0 h1000c0,0-9.9,40.9-83.6,48.1S829.6,47,766.1,28.9z\"\/>\n<\/svg>\t\t<\/div>\n\t\t<div class=\"elementor-element elementor-element-c19f68f e-con-full e-flex e-con e-child\" data-id=\"c19f68f\" data-element_type=\"container\" data-e-type=\"container\">\n\t\t\t\t<div class=\"elementor-element elementor-element-ade0e86 elementor-widget elementor-widget-text-editor\" data-id=\"ade0e86\" data-element_type=\"widget\" data-e-type=\"widget\" data-widget_type=\"text-editor.default\">\n\t\t\t\t\t\t\t\t\t<p data-start=\"1046\" data-end=\"1451\">En <strong data-start=\"1049\" data-end=\"1059\">CALEOS<\/strong> creemos que la verdadera calidad nace del respeto: respeto por la naturaleza, por las abejas y por las personas que hacen posible cada cosecha. Trabajamos bajo un modelo de abastecimiento responsable, seleccionando cuidadosamente nuestras materias primas y acompa\u00f1ando a nuestros apicultores en pr\u00e1cticas sostenibles que protegen los ecosistemas y garantizan la pureza de nuestros productos.<\/p><p data-start=\"1453\" data-end=\"1723\">Impulsamos el desarrollo regional generando empleo digno y promoviendo el bienestar de los trabajadores colombianos y sus comunidades. Cada frasco de CALEOS representa no solo miel de alta calidad, sino tambi\u00e9n compromiso social, crecimiento local y sostenibilidad real.<\/p><p data-start=\"1725\" data-end=\"1803\">Porque para nosotros, lo premium no solo est\u00e1 en el sabor\u2026 est\u00e1 en el impacto.<\/p>\t\t\t\t\t\t\t\t<\/div>\n\t\t\t\t<\/div>\n\t\t<div class=\"elementor-element elementor-element-33671a0 e-con-full e-flex e-con e-child\" data-id=\"33671a0\" data-element_type=\"container\" data-e-type=\"container\">\n\t\t\t\t<div class=\"elementor-element elementor-element-112a27a elementor-widget elementor-widget-image\" data-id=\"112a27a\" data-element_type=\"widget\" data-e-type=\"widget\" data-widget_type=\"image.default\">\n\t\t\t\t\t\t\t\t\t\t\t\t\t\t\t<img loading=\"lazy\" decoding=\"async\" width=\"800\" height=\"600\" src=\"https:\/\/caleosorganic.com\/wp-content\/uploads\/2026\/03\/IMG_1288-1024x768.jpeg\" class=\"attachment-large size-large wp-image-75\" alt=\"\" srcset=\"https:\/\/caleosorganic.com\/wp-content\/uploads\/2026\/03\/IMG_1288-1024x768.jpeg 1024w, https:\/\/caleosorganic.com\/wp-content\/uploads\/2026\/03\/IMG_1288-300x225.jpeg 300w, https:\/\/caleosorganic.com\/wp-content\/uploads\/2026\/03\/IMG_1288-768x576.jpeg 768w, https:\/\/caleosorganic.com\/wp-content\/uploads\/2026\/03\/IMG_1288-1536x1152.jpeg 1536w, https:\/\/caleosorganic.com\/wp-content\/uploads\/2026\/03\/IMG_1288-2048x1536.jpeg 2048w\" sizes=\"(max-width: 800px) 100vw, 800px\" \/>\t\t\t\t\t\t\t\t\t\t\t\t\t\t\t<\/div>\n\t\t\t\t<\/div>\n\t\t\t\t\t<\/div>\n\t\t\t\t<\/div>\n\t\t<div class=\"elementor-element elementor-element-83b44a7 e-flex e-con-boxed e-con e-parent\" data-id=\"83b44a7\" data-element_type=\"container\" data-e-type=\"container\" data-settings=\"{&quot;background_background&quot;:&quot;classic&quot;,&quot;shape_divider_top&quot;:&quot;split&quot;}\">\n\t\t\t\t\t<div class=\"e-con-inner\">\n\t\t\t\t<div class=\"elementor-shape elementor-shape-top\" aria-hidden=\"true\" data-negative=\"false\">\n\t\t\t<svg xmlns=\"http:\/\/www.w3.org\/2000\/svg\" viewBox=\"0 0 1000 20\" preserveAspectRatio=\"none\">\n\t<path class=\"elementor-shape-fill\" d=\"M0,0v3c0,0,393.8,0,483.4,0c9.2,0,16.6,7.4,16.6,16.6c0-9.1,7.4-16.6,16.6-16.6C606.2,3,1000,3,1000,3V0H0z\"\/>\n<\/svg>\t\t<\/div>\n\t\t<div class=\"elementor-element elementor-element-3244bbd e-con-full e-flex e-con e-child\" data-id=\"3244bbd\" data-element_type=\"container\" data-e-type=\"container\">\n\t\t\t\t<div class=\"elementor-element elementor-element-fc7dad1 elementor-widget elementor-widget-heading\" data-id=\"fc7dad1\" data-element_type=\"widget\" data-e-type=\"widget\" data-widget_type=\"heading.default\">\n\t\t\t\t\t<h2 class=\"elementor-heading-title elementor-size-default\">APORTANDO AL PLANETA<\/h2>\t\t\t\t<\/div>\n\t\t\t\t<\/div>\n\t\t\t\t\t<\/div>\n\t\t\t\t<\/div>\n\t\t<div class=\"elementor-element elementor-element-1fe126f e-flex e-con-boxed e-con e-parent\" data-id=\"1fe126f\" data-element_type=\"container\" data-e-type=\"container\" data-settings=\"{&quot;background_background&quot;:&quot;classic&quot;}\">\n\t\t\t\t\t<div class=\"e-con-inner\">\n\t\t<div class=\"elementor-element elementor-element-72b1063 e-con-full e-flex e-con e-child\" data-id=\"72b1063\" data-element_type=\"container\" data-e-type=\"container\">\n\t\t\t\t<div class=\"elementor-element elementor-element-b6b3d4a elementor-widget elementor-widget-image\" data-id=\"b6b3d4a\" data-element_type=\"widget\" data-e-type=\"widget\" data-widget_type=\"image.default\">\n\t\t\t\t\t\t\t\t\t\t\t\t\t\t\t<img loading=\"lazy\" decoding=\"async\" width=\"683\" height=\"1024\" src=\"https:\/\/caleosorganic.com\/wp-content\/uploads\/2026\/03\/IMG_4458-683x1024.png\" class=\"attachment-large size-large wp-image-76\" alt=\"\" srcset=\"https:\/\/caleosorganic.com\/wp-content\/uploads\/2026\/03\/IMG_4458-683x1024.png 683w, https:\/\/caleosorganic.com\/wp-content\/uploads\/2026\/03\/IMG_4458-200x300.png 200w, https:\/\/caleosorganic.com\/wp-content\/uploads\/2026\/03\/IMG_4458-768x1152.png 768w, https:\/\/caleosorganic.com\/wp-content\/uploads\/2026\/03\/IMG_4458.png 1024w\" sizes=\"(max-width: 683px) 100vw, 683px\" \/>\t\t\t\t\t\t\t\t\t\t\t\t\t\t\t<\/div>\n\t\t\t\t<\/div>\n\t\t<div class=\"elementor-element elementor-element-806a606 e-con-full e-flex e-con e-child\" data-id=\"806a606\" data-element_type=\"container\" data-e-type=\"container\">\n\t\t\t\t<div class=\"elementor-element elementor-element-3a74991 elementor-widget elementor-widget-text-editor\" data-id=\"3a74991\" data-element_type=\"widget\" data-e-type=\"widget\" data-widget_type=\"text-editor.default\">\n\t\t\t\t\t\t\t\t\t<p data-start=\"3347\" data-end=\"3748\">En CALEOS creemos que la verdadera calidad nace del respeto: respeto por la naturaleza, por las abejas y por las personas que hacen posible cada cosecha. Trabajamos bajo un modelo de abastecimiento responsable, seleccionando cuidadosamente nuestras materias primas y acompa\u00f1ando a nuestros apicultores en pr\u00e1cticas sostenibles que protegen los ecosistemas y garantizan la pureza de nuestros productos.<\/p><p data-start=\"3750\" data-end=\"4020\">Impulsamos el desarrollo regional generando empleo digno y promoviendo el bienestar de los trabajadores colombianos y sus comunidades. Cada frasco de CALEOS representa no solo miel de alta calidad, sino tambi\u00e9n compromiso social, crecimiento local y sostenibilidad real.<\/p><p data-start=\"4022\" data-end=\"4478\">Adem\u00e1s, desarrollamos iniciativas orientadas a fortalecer a las comunidades locales frente a los desaf\u00edos agr\u00edcolas, sociales, medioambientales y econ\u00f3micos vinculados a la producci\u00f3n de nuestras materias primas. Estos programas integran alianzas estrat\u00e9gicas, proyectos de impacto espec\u00edfico, adopci\u00f3n de est\u00e1ndares y certificaciones reconocidas, as\u00ed como compromisos institucionales y colectivos que consolidan una cadena de valor m\u00e1s justa y sostenible.<\/p>\t\t\t\t\t\t\t\t<\/div>\n\t\t\t\t<\/div>\n\t\t\t\t\t<\/div>\n\t\t\t\t<\/div>\n\t\t\t\t<\/div>\n\t\t","protected":false},"excerpt":{"rendered":"<p>Somos un referente en sostenibilidad y estilo de vida consciente. NUESTRA VISION En Caleos queremos ser reconocidos a nivel nacional e internacional como una empresa l\u00edder en la producci\u00f3n y transformaci\u00f3n de miel org\u00e1nica y sus derivados, ofreciendo soluciones innovadoras que sostenibilidad el bienestar. Nuestros ingredientes Miel Panal Pollen En CALEOS creemos que la verdadera [&hellip;]<\/p>\n","protected":false},"author":1,"featured_media":0,"parent":0,"menu_order":0,"comment_status":"closed","ping_status":"closed","template":"","meta":{"footnotes":""},"class_list":["post-13","page","type-page","status-publish","hentry"],"_links":{"self":[{"href":"https:\/\/caleosorganic.com\/index.php\/wp-json\/wp\/v2\/pages\/13","targetHints":{"allow":["GET"]}}],"collection":[{"href":"https:\/\/caleosorganic.com\/index.php\/wp-json\/wp\/v2\/pages"}],"about":[{"href":"https:\/\/caleosorganic.com\/index.php\/wp-json\/wp\/v2\/types\/page"}],"author":[{"embeddable":true,"href":"https:\/\/caleosorganic.com\/index.php\/wp-json\/wp\/v2\/users\/1"}],"replies":[{"embeddable":true,"href":"https:\/\/caleosorganic.com\/index.php\/wp-json\/wp\/v2\/comments?post=13"}],"version-history":[{"count":26,"href":"https:\/\/caleosorganic.com\/index.php\/wp-json\/wp\/v2\/pages\/13\/revisions"}],"predecessor-version":[{"id":88,"href":"https:\/\/caleosorganic.com\/index.php\/wp-json\/wp\/v2\/pages\/13\/revisions\/88"}],"wp:attachment":[{"href":"https:\/\/caleosorganic.com\/index.php\/wp-json\/wp\/v2\/media?parent=13"}],"curies":[{"name":"wp","href":"https:\/\/api.w.org\/{rel}","templated":true}]}}